(2). Let q = k - -62. What are the prime factors of ((-30)/q)/(1/(-56))?
2, 5, 7
Let j = -782 - -1388. What are the prime factors of j?
2, 3, 101
Let v = 75 + -26. What are the prime factors of v?
7
Suppose 0 = -2*i - 3*a + 732, i = 5*i - 5*a - 1420. Suppose -3*y = -8*y + i. What are the prime factors of y?
2, 3
Let y(t) = -t**3 + 13*t**2 + 13*t - 12. Let s be y(11). Suppose 3*k + k - 5*o = s, o - 100 = -k. List the prime factors of k.
97
Let b(l) be the second derivative of 13*l**3/6 - 3*l**2 + 9*l. What are the prime factors of b(8)?
2, 7
Let q(t) = t + 8. Let b(w) = -w**3 - 5*w**2 + 6*w + 4. Let l be b(-6). Suppose v + 22 = -l*v - 2*c, -14 = 3*v + c. List the prime factors of q(v).
2
Suppose -5*r - 3*x = -x + 28, -32 = 3*r + 5*x. List the prime factors of 14*r*35/(-14).
2, 5, 7
Let n be (-8)/4 - (-70)/(-2). Suppose 14*i + 392 = 7*i. Let u = n - i. What are the prime factors of u?
19
Let b(r) = r - 2. Let a be b(6). Let s be 4 - ((-140)/(-8))/(-7)*4. Suppose -x = -3*n + 3, 2*n + 14 + s = a*x. What are the prime factors of x?
3
Suppose -4*c = -3*t + 6289, -4*t - 5*c + 9224 = 849. What are the prime factors of t?
5, 419
Let l = 12 + 17. Let d(o) = 2*o**2 - 10*o - 12. Let n be d(6). Let i = n + l. What are the prime factors of i?
29
Let g = 95 - 135. What are the prime factors of (g/12)/2*-69?
5, 23
Suppose -q = -2*z - 668, -3348 = -7*q + 2*q + 2*z. What are the prime factors of q?
2, 5, 67
Suppose 5*o - 3*y - 840 = 0, 0*o - 5*y + 336 = 2*o. Suppose 3*l = v + 208, 4*v + o = 5*l - 174. Let c = 98 - l. What are the prime factors of c?
2, 7
Let u(l) = -2 + 9 + 4*l - 3*l. Let b be u(-3). Suppose 0 = -h + 14 + b. What are the prime factors of h?
2, 3
Let v be 3*3/(27/12). Suppose 3 - 15 = 2*q - i, -2*q = 3*i + v. What are the prime factors of (-2)/q + (-459)/(-15)?
31
Suppose 25 = z - 0*w + 5*w, -4*w + 41 = 5*z. Suppose 462 = z*m + 27. List the prime factors of m.
3, 29
Let k(u) = 2*u**2 + 14*u + 11. Let i be k(-6). What are the prime factors of (i - -2)*(-1095)/(-15)?
73
Let d = -1184 + 1400. What are the prime factors of d?
2, 3
Suppose 0 = -y - 23 - 7. Suppose -2*o - 3*h = -34, h = -o - 4*h + 31. Let v = o - y. List the prime factors of v.
41
Let a(h) = 9*h**3 - 2*h**2 + 2*h - 1. Let f be a(1). Suppose -12*t + 288 = -f*t. What are the prime factors of t?
2, 3
Let i(t) = -31*t - 19. Let b be i(6). Let k = -111 - b. List the prime factors of k.
2, 47
Let p be 68/(-16) - 1/(-4). Let v = p - -10. List the prime factors of v.
2, 3
Let i(g) = -3*g**3 - 10*g**2 - 2*g - 3. Suppose 9*n + 21 = -15. What are the prime factors of i(n)?
37
Suppose -m = -5*m, z = -2*m. Suppose z*i - 4*i = 0. Suppose i*t - t = -36. List the prime factors of t.
2, 3
Let d(c) = c**3 + 32*c**2 - 30*c + 30. What are the prime factors of d(-31)?
17, 113
Suppose -4*x = 4, 4*z + 5*x - 1103 = -8. Suppose 70 = -5*b + z. List the prime factors of b.
41
Let s = 229 + -92. Let r = s - 98. List the prime factors of r.
3, 13
Let k(v) = 2*v + 52. Suppose 12*s = 17*s - 145. Let u = s + -29. List the prime factors of k(u).
2, 13
Suppose -60 + 15 = -5*s. List the prime factors of ((-42)/18)/((-1)/s).
3, 7
Let p = -31 + 30. Let u(r) = 17*r**2 - r - 2. What are the prime factors of u(p)?
2
Let k(r) = 6*r + 105. List the prime factors of k(0).
3, 5, 7
Let a(u) = u**3 + 6*u**2 + 2*u + 4. Let y be a(-6). Let s be 2/(1/y*-4). Suppose 0*o = -s*o + 68. What are the prime factors of o?
17
Let u be 39 + -1 + (-5)/(-1). Let r = u + -22. List the prime factors of r.
3, 7
Suppose 21023 - 333 = 5*l. List the prime factors of l.
2, 2069
Let y be (-3)/(-1)*(-17 - -14). Let j(x) = x**3 + 8*x**2 - 6*x + 1. Let s(d) = d**3 + 8*d**2 - 6*d. Let u(a) = -3*j(a) + 2*s(a). List the prime factors of u(y).
2, 3
Let i(f) = 68*f**2 + 18*f - 140. What are the prime factors of i(8)?
2, 3, 11
Let v = -412 - -698. Suppose -2*h + 174 = -g, 4*h + 5*g - 90 = v. What are the prime factors of h?
89
Let v = -60 + 39. List the prime factors of (-1329)/v + (-8)/28.
3, 7
Suppose -6*u + 3*u = -1221. List the prime factors of u.
11, 37
Let j = -412 - -1431. List the prime factors of j.
1019
Let j(h) = h**3 + 2*h**2 - 6*h - 4. Let m be j(-4). Let t(y) = 44*y + 6 - 85*y + 13*y**2 + y**3 + 51*y. What are the prime factors of t(m)?
2, 3, 5
Suppose 4*g + 17 = -27. Let b(m) be the third derivative of -m**5/60 - m**4/2 - 2*m**3/3 - 8*m**2. What are the prime factors of b(g)?
7
Let k be -1 + 0 - 2/(-6)*3. Let z(o) be the third derivative of -o**5/60 + o**4/24 + 2*o**3 + o**2. What are the prime factors of z(k)?
2, 3
Let t be 3/(-5) + (-390)/(-25). Suppose -3*y - 3 = -t. Suppose -6 = -2*w, y*d + 4*w - 47 = 41. What are the prime factors of d?
19
Let t(y) = -6*y**2. Let u be t(1). What are the prime factors of (3/9)/(u/(-252))?
2, 7
Suppose -2*k - 3*h - 5 = -677, k - 2*h - 350 = 0. What are the prime factors of k?
2, 3, 19
Suppose -s = -a - 10, -2*a - 31 = -4*s - a. Let g(c) = 7*c + 61*c**3 + 4*c**2 - 11*c**2 - 60*c**3 + 1. List the prime factors of g(s).
2, 5
Suppose 5*r - 155 = -5*m - 0*m, -5*r = -3*m + 93. Let p = m + 8. What are the prime factors of p?
3, 13
Let o(s) = -s**3 - 4*s**2 + 23*s + 14. What are the prime factors of o(-9)?
2, 53
Suppose 4*x = -4*x + 1472. Suppose -x = 13*s - 17*s. What are the prime factors of s?
2, 23
Let q(y) = 27*y**2 + 64*y - 198. What are the prime factors of q(3)?
3, 79
Suppose 13508 = 19*q - 1958. List the prime factors of q.
2, 11, 37
Let r(j) be the third derivative of -j**6/40 - j**5/30 + j**4/8 + j**3/2 - j**2. Let x = -9 + 7. What are the prime factors of r(x)?
13
Let y(f) be the second derivative of -f**5/20 + 7*f**4/6 + f**3/3 - 9*f**2 + 6*f. List the prime factors of y(14).
2, 5
Let l = 260 + -256. What are the prime factors of l?
2
Let h be (2 - (-256)/10) + (-2)/(-5). List the prime factors of (-1 - (-458)/14) + 8/h.
2
Let q(d) = -41*d - 143. What are the prime factors of q(-10)?
3, 89
Let r be (-2)/((6/(-15))/1). Suppose -3*q + 5*l = 9, 4*l + 1 = r*q + 3. Suppose 0*f + q*f = 22. List the prime factors of f.
11
Let f = 5 - 0. Let l(c) = f + 0*c + 4*c - 2. What are the prime factors of l(2)?
11
List the prime factors of (-4)/((-48)/(-15)) - (-9180)/48.
2, 5, 19
Let j be (-1 + 1/4)*-4 - 2. List the prime factors of 326 - (-2 - j)/(-1).
17, 19
Suppose 3*s - 4*m = 22, -s + 0*m - m + 5 = 0. Suppose 3*z - 4*x - s - 8 = 0, 4*x + 8 = 0. Suppose -z*d + 33 = -19. What are the prime factors of d?
2, 13
Suppose 1896 + 897 = 7*d. List the prime factors of d.
3, 7, 19
Let p be (231 - (0 + -4)) + -1. Suppose -5*l = 4*x + p, -3*x - x + 66 = -l. Let h = l + 102. List the prime factors of h.
2, 13
Let u(m) = 5*m - 12. Let r be u(-6). Let p be (-281)/9 + 6/27. Let b = p - r. List the prime factors of b.
11
Let l = 3273 - 381. List the prime factors of l.
2, 3, 241
Suppose 2*o = -1 + 5. Suppose -7*p + o*p = -2*v - 550, -2*p + 220 = 4*v. List the prime factors of p.
2, 5, 11
Let h(s) = -s**2 - 8*s - 6. Let k be h(-6). Suppose -2*u - 4 = -k*u. List the prime factors of 45*(6/10)/u.
3
Suppose 0 = -4*o + 10 + 6. Suppose -o*l + 26 = -2*l + 2*c, -3*l + 2*c = -29. Let v = l - -7. List the prime factors of v.
2, 3
Let s(m) = m**3 + m**2 + 2*m + 3. Let q be s(-4). Let o = q + 97. What are the prime factors of o?
2, 11
Suppose 57*w = 41*w + 12528. List the prime factors of w.
3, 29
Let c = 7 - 4. Suppose -4*v = -v, 5*v = 3*g - 21. Suppose g*a - 32 = c*a. What are the prime factors of a?
2
Let s = -11 - -14. Suppose 4*r - 2*g - 562 = 0, 4*r + s*g - 572 = 7*g. What are the prime factors of r?
2, 3, 23
Suppose 4*t - 5 = -3*g + 7, -12 = -3*g - t. Suppose -3*q = -g*v + 19, 0 = 4*q + 3 + 1. Suppose -w + v*w - 60 = 0. What are the prime factors of w?
2, 5
Suppose 3*r - 2*l - 3051 = 2*l, 0 = -2*r - 4*l + 2014. What are the prime factors of r?
1013
Suppose -19*v + 62415 = 26*v. List the prime factors of v.
19, 73
Suppose 0*w + 4*w - 4 = 0. Let a(s) = s**2 + 10*s - 27. Let p be a(-12). List the prime factors of (-3)/p - w*-1.
2
Let q(u) = -3*u**3 + 2*u**2 + 8*u + 3. Let s(f) = -f**3 - 2*f**2 - f - 4. Let l be s(0). List the prime factors of q(l).
3, 5, 13
Suppose 180*j = 182*j - 2522. List the prime factors of j.
13, 97
List the prime factors of 2 + 2 - (-1196 + (-1 - 1)).
2, 601
Let c(u) = -u - 2. Let p be c(-2). Suppose -4*n + 3*d = 